{"id":1298,"date":"2015-07-08T12:14:13","date_gmt":"2015-07-08T10:14:13","guid":{"rendered":"http:\/\/brg16.casc.at\/?page_id=1298"},"modified":"2026-02-18T14:53:49","modified_gmt":"2026-02-18T13:53:49","slug":"downloads-2","status":"publish","type":"page","link":"https:\/\/www.rg16.at\/index.php\/service\/downloads-2\/","title":{"rendered":"Downloads"},"content":{"rendered":"<h2>\u00d6ffentliche Downloads<\/h2>\n<h5>Schuhmeie 2025\/26:<\/h5>\n<p><a href=\"https:\/\/www.rg16.at\/wp-content\/uploads\/2025\/06\/Schuhmeie_Unterstufe2025.pdf\" target=\"_blank\" rel=\"noopener\">Unterstufe<\/a>(PDF)<br \/>\n<a href=\"https:\/\/www.rg16.at\/wp-content\/uploads\/2025\/06\/Schuhmeie_Oberstufe2025.pdf\" target=\"_blank\" rel=\"noopener\">Oberstufe<\/a>(PDF)<\/p>\n<h5>Formulare:<!--\n<a href=\"https:\/\/www.rg16.at\/wp-content\/uploads\/2015\/12\/Anmeldung-f\u00fcr-Unverbindliche-\u00dcbungen.pdf\" target=\"_blank\" rel=\"noopener noreferrer\">Anmeldung f\u00fcr Unverbindliche \u00dcbungen und Freigegenst\u00e4nde<\/a> (Acrobat PDF)\n\n<a href=\"https:\/\/www.rg16.at\/wp-content\/uploads\/2015\/12\/Ansuchen-um-Freistellung-vom-Unterricht.pdf\" target=\"_blank\" rel=\"noopener noreferrer\">Ansuchen um Freistellung vom Unterricht<\/a> (Acrobat PDF)\n<span style=\"display: inline-block; width: 0px; overflow: hidden; line-height: 0;\" data-mce-type=\"bookmark\" class=\"mce_SELRES_start\"><\/span>\n<a href=\"https:\/\/www.rg16.at\/wp-content\/uploads\/2015\/12\/EIGENBERECHTIGUNG.pdf\" target=\"_blank\" rel=\"noopener noreferrer\">Eigenberechtigung<\/a> (Acrobat PDF)\n\n<a href=\"https:\/\/www.rg16.at\/wp-content\/uploads\/2015\/12\/Entschuldigung.pdf\" target=\"_blank\" rel=\"noopener noreferrer\">Entschuldigung f\u00fcr vers\u00e4umte Unterrichtsstunden<\/a> (Acrobat PDF)\n\n<a href=\"https:\/\/www.rg16.at\/wp-content\/uploads\/2015\/12\/EINVERSTAENDNISERKAERUNG_PAUSEN.pdf\" target=\"_blank\" rel=\"noopener noreferrer\">Einverst\u00e4ndniserkl\u00e4rung: 10h und 12h Pausen<\/a> (Acrobat PDF)\n\n<a href=\"https:\/\/www.rg16.at\/wp-content\/uploads\/2015\/12\/VerpflichtungserklaerungSchuhmeie.pdf\" target=\"_blank\" rel=\"noopener noreferrer\">Verpflichtungserkl\u00e4rung Schuhmeie<\/a> (Acrobat PDF)<span style=\"display: inline-block; width: 0px; overflow: hidden; line-height: 0;\" data-mce-type=\"bookmark\" class=\"mce_SELRES_start\"><\/span>\n<span style=\"display: inline-block; width: 0px; overflow: hidden; line-height: 0;\" data-mce-type=\"bookmark\" class=\"mce_SELRES_start\"><\/span>--><\/h5>\n<p><a href=\"https:\/\/www.rg16.at\/wp-content\/uploads\/2026\/01\/Formular_Ansuchen_um_Freistellung_vom_Unterricht.pdf\">Formular_Ansuchen_um_Freistellung_vom_Unterricht (PDF)<\/a><br \/>\n<a href=\"https:\/\/www.rg16.at\/wp-content\/uploads\/2022\/06\/Formulare_US2022.pdf\" target=\"_blank\" rel=\"noopener\">Formulare Unterstufe<\/a> (PDF)<br \/>\n<a href=\"https:\/\/www.rg16.at\/wp-content\/uploads\/2022\/06\/Formulare_OS2022.pdf\" target=\"_blank\" rel=\"noopener\">Formulare Oberstufe<\/a> (PDF)<br \/>\n<a href=\"https:\/\/www.rg16.at\/wp-content\/uploads\/2026\/02\/rg16-DSGVO.pdf\" target=\"_blank\" rel=\"noopener\">Einwilligung lt. DSGVO<\/a> (PDF)<\/p>\n<h5>Reifepr\u00fcfung NEU:<\/h5>\n<p><a href=\"https:\/\/www.rg16.at\/wp-content\/uploads\/2021\/02\/VWA-Anmeldehilfe.doc\">VWA-Anmeldehilfe<\/a> (Microsoft Word)<br \/>\n<a href=\"https:\/\/www.rg16.at\/wp-content\/uploads\/2025\/05\/Vorlage_muendliche_Maturafragen_2025.docx\">Deckblatt: Themenvorschl\u00e4ge f\u00fcr die m\u00fcdliche Matura f\u00fcr LehrerInnen<\/a> (Microsoft Word)<br \/>\n<a href=\"https:\/\/www.rg16.at\/wp-content\/uploads\/2015\/10\/Themenpool-SKRP2016.docx\">Vorlage: Themenpool f\u00fcr LehrerInnen<\/a> (Microsoft Word)<\/p>\n<p><!--\n\nReifepr\u00fcfung ALT:\n\n<a href=\"https:\/\/www.rg16.at\/wp-content\/uploads\/2015\/07\/Deckblatt-Einreichung-schriftliche-Matura.doc\">Deckblatt: Themenvorschl\u00e4ge f\u00fcr die schriftliche Matura<\/a> (Microsoft Word)\n<a href=\"https:\/\/www.rg16.at\/wp-content\/uploads\/2015\/07\/Vorlage_muendliche_MaturaSommer.doc\">Deckblatt: Themen f\u00fcr die m\u00fcndliche Matura Sommertermin<\/a> (Microsoft Word)\n<a href=\"https:\/\/www.rg16.at\/wp-content\/uploads\/2015\/07\/Vorlage_muendliche_MaturaHerbst.doc\">Deckblatt: Themen f\u00fcr die m\u00fcndliche Matura Herbsttermin<\/a> (Microsoft Word)\n<a href=\"https:\/\/www.rg16.at\/wp-content\/uploads\/2015\/07\/Vorlage_muendliche_MaturaFruehjahr.doc\">Deckblatt: Themen f\u00fcr die m\u00fcndliche Matura Fr\u00fchjahrstermin<\/a> (Microsoft Word)\n\n--><\/p>\n<h5>Schulkalender:<\/h5>\n<p><a href=\"https:\/\/www.google.com\/calendar\/ical\/website%40rg16.at\/public\/basic.ics\">iCal ICS-Format<\/a> f\u00fcr <strong>Microsoft Outloo<\/strong>k u.a.<br \/>\n<strong>Google-Kalender<\/strong>: Verwenden Sie die Kalender-ID <strong>&#119;&#101;&#x62;s&#105;&#x74;&#x65;&#64;&#114;&#x67;&#x31;6&#46;&#x61;<\/strong>t f\u00fcr den Import.<\/p>\n<h5><span id=\"Elternbriefe\">Elternbriefe und Informationen der Direktion:<\/span><\/h5>\n<p><a href=\"https:\/\/www.rg16.at\/wp-content\/uploads\/2023\/03\/Elternbrief-Blackout-Maerz-2023.pdf\" target=\"_blank\" rel=\"noopener\">Elternbrief Blackout M\u00e4rz 2023<\/a> (PDF)<br \/>\n<a href=\"https:\/\/www.rg16.at\/wp-content\/uploads\/2023\/03\/Einverstaendniserklaerung-Eltern-Blackout-Maerz-2023.pdf\" target=\"_blank\" rel=\"noopener\">Einverst\u00e4ndniserkl\u00e4rung Eltern Blackout M\u00e4rz 2023<\/a>(PDF)<\/p>\n","protected":false},"excerpt":{"rendered":"<p>\u00d6ffentliche Downloads Schuhmeie 2025\/26: Unterstufe(PDF) Oberstufe(PDF) Formulare: Formular_Ansuchen_um_Freistellung_vom_Unterricht (PDF) Formulare Unterstufe (PDF) Formulare Oberstufe (PDF) Einwilligung lt. DSGVO (PDF) Reifepr\u00fcfung NEU: VWA-Anmeldehilfe (Microsoft Word) Deckblatt: Themenvorschl\u00e4ge f\u00fcr die m\u00fcdliche Matura f\u00fcr LehrerInnen (Microsoft Word) Vorlage: Themenpool f\u00fcr LehrerInnen (Microsoft Word)<\/p>\n","protected":false},"author":71,"featured_media":0,"parent":65,"menu_order":0,"comment_status":"closed","ping_status":"closed","template":"","meta":[],"tags":[240,241],"_links":{"self":[{"href":"https:\/\/www.rg16.at\/index.php\/wp-json\/wp\/v2\/pages\/1298"}],"collection":[{"href":"https:\/\/www.rg16.at\/index.php\/wp-json\/wp\/v2\/pages"}],"about":[{"href":"https:\/\/www.rg16.at\/index.php\/wp-json\/wp\/v2\/types\/page"}],"author":[{"embeddable":true,"href":"https:\/\/www.rg16.at\/index.php\/wp-json\/wp\/v2\/users\/71"}],"replies":[{"embeddable":true,"href":"https:\/\/www.rg16.at\/index.php\/wp-json\/wp\/v2\/comments?post=1298"}],"version-history":[{"count":80,"href":"https:\/\/www.rg16.at\/index.php\/wp-json\/wp\/v2\/pages\/1298\/revisions"}],"predecessor-version":[{"id":16535,"href":"https:\/\/www.rg16.at\/index.php\/wp-json\/wp\/v2\/pages\/1298\/revisions\/16535"}],"up":[{"embeddable":true,"href":"https:\/\/www.rg16.at\/index.php\/wp-json\/wp\/v2\/pages\/65"}],"wp:attachment":[{"href":"https:\/\/www.rg16.at\/index.php\/wp-json\/wp\/v2\/media?parent=1298"}],"wp:term":[{"taxonomy":"post_tag","embeddable":true,"href":"https:\/\/www.rg16.at\/index.php\/wp-json\/wp\/v2\/tags?post=1298"}],"curies":[{"name":"wp","href":"https:\/\/api.w.org\/{rel}","templated":true}]}}