{"id":12716,"date":"2021-06-03T13:08:06","date_gmt":"2021-06-03T11:08:06","guid":{"rendered":"https:\/\/www.rg16.at\/?page_id=12716"},"modified":"2021-06-17T06:52:21","modified_gmt":"2021-06-17T04:52:21","slug":"beitrag-von-aleksa","status":"publish","type":"page","link":"https:\/\/www.rg16.at\/index.php\/beitrag-von-aleksa\/","title":{"rendered":"Beitrag von Aleksa"},"content":{"rendered":"<p><b><span data-contrast=\"auto\">Beschreibung meiner Situation:<\/span><\/b><\/p>\n<p><span data-contrast=\"auto\">Es war ein pl\u00f6tzlicher Schnitt, als wir durch den Lockdown nicht mehr in die Schule gehen konnten. Ich habe mithilfe von einem alten Laptop und meines Handys von zu Hause aus am Unterricht teilgenommen. Es war ein ganz anderer Unterricht als sonst und es war auch nicht einfach sich daran zu gew\u00f6hnen, da mit der Zeit immer mehr verlangt wurde. Au\u00dferhalb von Zuhause gab es noch die nervigen Ma\u00dfnahmen in Superm\u00e4rkten und anderen L\u00e4den. Kontakte zu anderen Personen hatte man auch nicht von Angesicht zu Angesicht, sondern nur \u00fcber technische Ger\u00e4te wie Handy und Laptop. Ansonsten war es ziemlich langweilig und m\u00fcde machend. In dieser Zeit habe ich auch eine Menge Videospiele mit Freunden gespielt. Das war ein Punkt, den ich als positiv betrachtet habe, da man nicht den langen Weg zur Schule gehen musste, und da man mehr Zeit daf\u00fcr hatte, um gemeinsam Spa\u00df zu haben. <\/span><\/p>\n<p><b><span data-contrast=\"auto\">Befragte Person:<\/span><\/b><\/p>\n<p><span data-contrast=\"auto\">Name: David L.<\/span><\/p>\n<p><span data-contrast=\"auto\">Wohnort: Serbien, Paracin. Einwohnerzahl: 29.000<\/span><\/p>\n<p><span data-contrast=\"auto\">Davids Klasse wurde in Gruppe A und Gruppe B aufgeteilt und dann hatte er 2-st\u00fcndige Meetings, was den Unterricht betrifft. Ansonsten war er sehr traurig, da es f\u00fcr mehrere Wochen eine sehr strengkontrollierte, fast 24-st\u00fcndige Ausgangssperre gab und er seine Verwandten und Freunde nicht treffen durfte. Er konnte auch seinen eigenen Garten nicht mehr verlassen und somit war er gezwungen seinen Tag mit anderen Aktivit\u00e4ten verfliegen zu lassen. Er spielte im Garten Fu\u00dfball oder mit seinen Haustieren oder half seinem Vater, einem Mechaniker, bei der Arbeit. Aber auch f\u00fcr ihn waren die Tage meist sehr langweilig.<\/span><br \/>\n<iframe src=\"https:\/\/www.google.com\/maps\/embed?pb=!1m28!1m12!1m3!1d2837451.531988513!2d16.116508228413696!3d46.01221499430629!2m3!1f0!2f0!3f0!3m2!1i1024!2i768!4f13.1!4m13!3e0!4m5!1s0x476d079e5136ca9f%3A0xfdc2e58a51a25b46!2sWien!3m2!1d48.208174299999996!2d16.3738189!4m5!1s0x4756be00df7bc241%3A0xb1e4be77eb65af1!2sPara%C4%87in%2C%20Serbien!3m2!1d43.863354199999996!2d21.409909!5e0!3m2!1sde!2sat!4v1623842053454!5m2!1sde!2sat\" width=\"600\" height=\"450\" style=\"border:0;\" allowfullscreen=\"\" loading=\"lazy\"><\/iframe><\/p>\n<p><a href=\"https:\/\/www.rg16.at\/index.php\/2021\/06\/16\/jugendliche-in-der-pandemie-ein-internationaler-vergleich\/\">zur\u00fcck<\/a><\/p>\n","protected":false},"excerpt":{"rendered":"<p>Beschreibung meiner Situation: Es war ein pl\u00f6tzlicher Schnitt, als wir durch den Lockdown nicht mehr in die Schule gehen konnten. Ich habe mithilfe von einem alten Laptop und meines Handys von zu Hause aus am Unterricht teilgenommen. Es war ein<\/p>\n","protected":false},"author":26,"featured_media":0,"parent":0,"menu_order":0,"comment_status":"closed","ping_status":"closed","template":"","meta":[],"tags":[],"_links":{"self":[{"href":"https:\/\/www.rg16.at\/index.php\/wp-json\/wp\/v2\/pages\/12716"}],"collection":[{"href":"https:\/\/www.rg16.at\/index.php\/wp-json\/wp\/v2\/pages"}],"about":[{"href":"https:\/\/www.rg16.at\/index.php\/wp-json\/wp\/v2\/types\/page"}],"author":[{"embeddable":true,"href":"https:\/\/www.rg16.at\/index.php\/wp-json\/wp\/v2\/users\/26"}],"replies":[{"embeddable":true,"href":"https:\/\/www.rg16.at\/index.php\/wp-json\/wp\/v2\/comments?post=12716"}],"version-history":[{"count":9,"href":"https:\/\/www.rg16.at\/index.php\/wp-json\/wp\/v2\/pages\/12716\/revisions"}],"predecessor-version":[{"id":12849,"href":"https:\/\/www.rg16.at\/index.php\/wp-json\/wp\/v2\/pages\/12716\/revisions\/12849"}],"wp:attachment":[{"href":"https:\/\/www.rg16.at\/index.php\/wp-json\/wp\/v2\/media?parent=12716"}],"wp:term":[{"taxonomy":"post_tag","embeddable":true,"href":"https:\/\/www.rg16.at\/index.php\/wp-json\/wp\/v2\/tags?post=12716"}],"curies":[{"name":"wp","href":"https:\/\/api.w.org\/{rel}","templated":true}]}}