{"id":12697,"date":"2021-06-03T12:56:02","date_gmt":"2021-06-03T10:56:02","guid":{"rendered":"https:\/\/www.rg16.at\/?page_id=12697"},"modified":"2021-06-17T06:55:59","modified_gmt":"2021-06-17T04:55:59","slug":"beitrag-von-serkan","status":"publish","type":"page","link":"https:\/\/www.rg16.at\/index.php\/beitrag-von-serkan\/","title":{"rendered":"Beitrag von Serkan"},"content":{"rendered":"<p><b><i><span data-contrast=\"auto\">Meine pers\u00f6nliche Situation<\/span><\/i><\/b><\/p>\n<p><span data-contrast=\"auto\">Das Eintreten vom Corona Virus ver\u00e4nderte mein Leben um einiges. Angefangen hat es mit dem Online-Unterricht, schlaflosen N\u00e4chten bis zu einer angeknacksten Psyche, gefolgt von schlechten Noten, keiner Motivation f\u00fcr die Schule und dem Nichterscheinen beim Online-Unterricht. Es wurde verboten, dass man sich in den Lockdowns mit Freunden trifft, was einen 14-j\u00e4hrigen Jungen wie mich sehr hart getroffen hat, da ich vor der Pandemie oft mit Freunden drau\u00dfen war und wir h\u00e4ufig was unternommen haben, was wir kaum noch machen konnten. Ich merkte, dass ich viel Zeit mit der Familie verbracht habe, doch die meiste Zeit spielte ich mit meiner Konsole. Als der Pr\u00e4senz-Unterricht wieder begann, wurde mir klar, wie faul ich geworden bin. Das Abschreiben von Schulkameraden war online viel leichter, da man mit ein paar Klicks schon die Hausaufgaben von anderen Sch\u00fclern in seinem Word Dokument hatte und jetzt muss man sich wieder an das schriftliche Schreiben gew\u00f6hnen. Ich w\u00fcnsche mir nur eine R\u00fcckkehr zum normalen Leben und das solche \u00e4hnlichen Situationen nicht mehr auftauchen.<\/span><\/p>\n<p><b><i><span data-contrast=\"auto\">Befragte Person<\/span><\/i><\/b><\/p>\n<p><span data-contrast=\"auto\">Meinen Cousin Kerem K. (20) aus D\u00e4nemark (Kopenhagen) stellte ich die Frage, wie er mit dieser Situation klarkam. Er antwortete mir damit, dass es ihm w\u00e4hrend des Lockdowns immer ziemlich gut ging. Mit dem Online-Unterricht kam er ganz gut klar und mit den Ma\u00dfnahmen in Kopenhagen ebenfalls. Sein Zeugnis motiviert ihn, seinen Weg als Bauingenieur einzuschlagen. Die meiste Zeit verbrachte er hinter seinem Rechner und erledigte seine Hausaufgaben. Er meinte, dass seine Psyche immer intakt blieb. Nach dem Erledigen seiner Haus\u00fcbungen traf er sich oft mit Freunden, da das Versammlungsverbot in D\u00e4nemark ab zehn Personen beginnt. Schade war, meinte er, dass Einkaufzentren geschlossen hatten, was bedeutet hatte, dass sie die meiste Zeit drau\u00dfen verbracht haben. Sein Wunsch ist ebenfalls die R\u00fcckkehr ins normale Leben.<\/span><\/p>\n<p><iframe src=\"https:\/\/www.google.com\/maps\/embed?pb=!1m28!1m12!1m3!1d5047676.752794693!2d9.788361208122353!3d51.8484316445014!2m3!1f0!2f0!3f0!3m2!1i1024!2i768!4f13.1!4m13!3e0!4m5!1s0x476d079e5136ca9f%3A0xfdc2e58a51a25b46!2sWien!3m2!1d48.208174299999996!2d16.3738189!4m5!1s0x4652533c5c803d23%3A0x4dd7edde69467b8!2sKopenhagen%2C%20D%C3%A4nemark!3m2!1d55.676096799999996!2d12.5683372!5e0!3m2!1sde!2sat!4v1623841519187!5m2!1sde!2sat\" width=\"600\" height=\"450\" style=\"border:0;\" allowfullscreen=\"\" loading=\"lazy\"><\/iframe><br \/>\n<a href=\"https:\/\/www.rg16.at\/index.php\/2021\/06\/16\/jugendliche-in-der-pandemie-ein-internationaler-vergleich\/\">zur\u00fcck<\/a><\/p>\n","protected":false},"excerpt":{"rendered":"<p>Meine pers\u00f6nliche Situation Das Eintreten vom Corona Virus ver\u00e4nderte mein Leben um einiges. Angefangen hat es mit dem Online-Unterricht, schlaflosen N\u00e4chten bis zu einer angeknacksten Psyche, gefolgt von schlechten Noten, keiner Motivation f\u00fcr die Schule und dem Nichterscheinen beim Online-Unterricht.<\/p>\n","protected":false},"author":26,"featured_media":0,"parent":0,"menu_order":0,"comment_status":"closed","ping_status":"closed","template":"","meta":[],"tags":[],"_links":{"self":[{"href":"https:\/\/www.rg16.at\/index.php\/wp-json\/wp\/v2\/pages\/12697"}],"collection":[{"href":"https:\/\/www.rg16.at\/index.php\/wp-json\/wp\/v2\/pages"}],"about":[{"href":"https:\/\/www.rg16.at\/index.php\/wp-json\/wp\/v2\/types\/page"}],"author":[{"embeddable":true,"href":"https:\/\/www.rg16.at\/index.php\/wp-json\/wp\/v2\/users\/26"}],"replies":[{"embeddable":true,"href":"https:\/\/www.rg16.at\/index.php\/wp-json\/wp\/v2\/comments?post=12697"}],"version-history":[{"count":8,"href":"https:\/\/www.rg16.at\/index.php\/wp-json\/wp\/v2\/pages\/12697\/revisions"}],"predecessor-version":[{"id":12856,"href":"https:\/\/www.rg16.at\/index.php\/wp-json\/wp\/v2\/pages\/12697\/revisions\/12856"}],"wp:attachment":[{"href":"https:\/\/www.rg16.at\/index.php\/wp-json\/wp\/v2\/media?parent=12697"}],"wp:term":[{"taxonomy":"post_tag","embeddable":true,"href":"https:\/\/www.rg16.at\/index.php\/wp-json\/wp\/v2\/tags?post=12697"}],"curies":[{"name":"wp","href":"https:\/\/api.w.org\/{rel}","templated":true}]}}