{"id":12257,"date":"2020-11-01T23:28:17","date_gmt":"2020-11-01T22:28:17","guid":{"rendered":"https:\/\/www.rg16.at\/?page_id=12257"},"modified":"2020-11-04T13:51:56","modified_gmt":"2020-11-04T12:51:56","slug":"informationen-zum-schulbetrieb-ab-3-11-2020","status":"publish","type":"page","link":"https:\/\/www.rg16.at\/index.php\/informationen-zum-schulbetrieb-ab-3-11-2020\/","title":{"rendered":"Informationen zum Schulbetrieb ab 3.11. 2020"},"content":{"rendered":"<p>Die Sch\u00fclerinnen und Sch\u00fcler der Oberstufe sind im Distance-Learning und werden durch ihre Klassenvorst\u00e4nde entsprechend informiert.<\/p>\n<ol style=\"list-style-type: lower-alpha;\">\n<li>Verhaltensregeln zur COVID-Pandemie\n<ol style=\"list-style-type: lower-roman;\">\n<li>Einhalten einer strikten H\u00e4ndehygiene.<\/li>\n<li>Regelm\u00e4\u00dfiges L\u00fcften.<\/li>\n<li>Einhalten des Mindestabstandes.<\/li>\n<li>Sch\u00fcler*innen, die vom Platz aufstehen, tragen verpflichtend eine Maske.<\/li>\n<li>Kranke Sch\u00fcler*innen bleiben ausnahmslos zu Hause.<\/li>\n<li>Nach einer Erkrankung m\u00fcssen Sch\u00fcler*innen mindestens 2 Tage symptomfrei sein, bevor sie wieder in die Schule kommen (2 Tage kein Fieber \u2026). Ausnahme: ein l\u00e4nger andauernder Absonderungsbescheid oder eine anderslautende \u00e4rztliche Anordnung.<\/li>\n<li>K1 Personen bleiben in Quarant\u00e4ne (z.B. jemand im Haushalt ist positiv getestet worden)<\/li>\n<li>COVID-19 Erkrankungen in der Familie von Sch\u00fcler*innen unserer Schule sind der Schule unverz\u00fcglich zu melden.<\/li>\n<\/ol>\n<\/li>\n<li>Elternabende\n<ol style=\"list-style-type: lower-roman;\">\n<li>Der Elternabend zur Wahl der Sprache ab der 3. Klasse findet nicht statt. Stattdessen gib es eine ausf\u00fchrliche <a href=\"https:\/\/www.rg16.at\/wp-content\/uploads\/2020\/11\/Elternabend-RG-NRG-2020_21.pdf\" target=\"_blank\" rel=\"noopener noreferrer\">Elterninformation<\/a> in schriftlicher Form.<br \/>\nLehrer*innen k\u00f6nnen bei diesbez\u00fcglichen Fragen gerne kontaktiert werden<\/li>\n<li>Der Elternabend der 4. Klasse zum Thema &#8222;Wohin nach der 4. Klasse&#8220; findet nicht statt. Stattdessen gibt es eine ausf\u00fchrliche Elterninformation in schriftlicher Form. Die Sch\u00fcler*innen werden auch im Rahmen der Berufsorientierung ausf\u00fchrlich \u00fcber ihre M\u00f6glichkeiten informiert.<\/li>\n<\/ol>\n<\/li>\n<li>Elternsprechtag\n<ol style=\"list-style-type: lower-roman;\">\n<li>Der Elternsprechtag findet nicht statt. Die Eltern werden ersucht telefonisch oder per Email mit den Lehrer*innen Kontakt aufzunehmen. Eine Liste mit den Sprechstunden ist <a href=\"https:\/\/neilo.webuntis.com\/WebUntis\/?school=brg-wien-16#\/basic\/officehours\" target=\"_blank\" rel=\"noopener noreferrer\">HIER<\/a> zu finden. Entsprechende Emailadressen sind auf der <a href=\"https:\/\/www.rg16.at\/index.php\/schulpartner\/lehrer2\/\" target=\"_blank\" rel=\"noopener noreferrer\">HP<\/a> zu finden. Lehrer*innen wurden auch gebeten gegebenenfalls mit den Eltern Kontakt aufzunehmen.<\/li>\n<\/ol>\n<\/li>\n<\/ol>\n","protected":false},"excerpt":{"rendered":"<p>Die Sch\u00fclerinnen und Sch\u00fcler der Oberstufe sind im Distance-Learning und werden durch ihre Klassenvorst\u00e4nde entsprechend informiert. Verhaltensregeln zur COVID-Pandemie Einhalten einer strikten H\u00e4ndehygiene. Regelm\u00e4\u00dfiges L\u00fcften. Einhalten des Mindestabstandes. Sch\u00fcler*innen, die vom Platz aufstehen, tragen verpflichtend eine Maske. Kranke Sch\u00fcler*innen bleiben<\/p>\n","protected":false},"author":3,"featured_media":0,"parent":0,"menu_order":0,"comment_status":"closed","ping_status":"closed","template":"","meta":[],"tags":[],"_links":{"self":[{"href":"https:\/\/www.rg16.at\/index.php\/wp-json\/wp\/v2\/pages\/12257"}],"collection":[{"href":"https:\/\/www.rg16.at\/index.php\/wp-json\/wp\/v2\/pages"}],"about":[{"href":"https:\/\/www.rg16.at\/index.php\/wp-json\/wp\/v2\/types\/page"}],"author":[{"embeddable":true,"href":"https:\/\/www.rg16.at\/index.php\/wp-json\/wp\/v2\/users\/3"}],"replies":[{"embeddable":true,"href":"https:\/\/www.rg16.at\/index.php\/wp-json\/wp\/v2\/comments?post=12257"}],"version-history":[{"count":21,"href":"https:\/\/www.rg16.at\/index.php\/wp-json\/wp\/v2\/pages\/12257\/revisions"}],"predecessor-version":[{"id":12301,"href":"https:\/\/www.rg16.at\/index.php\/wp-json\/wp\/v2\/pages\/12257\/revisions\/12301"}],"wp:attachment":[{"href":"https:\/\/www.rg16.at\/index.php\/wp-json\/wp\/v2\/media?parent=12257"}],"wp:term":[{"taxonomy":"post_tag","embeddable":true,"href":"https:\/\/www.rg16.at\/index.php\/wp-json\/wp\/v2\/tags?post=12257"}],"curies":[{"name":"wp","href":"https:\/\/api.w.org\/{rel}","templated":true}]}}